9 prime?
True
Is 6843 a prime number?
False
Is 3443 composite?
True
Is 249377 a composite number?
False
Is 546461 composite?
False
Is 1443709 a prime number?
True
Is 15401 a prime number?
True
Is 67406 a prime number?
False
Is 271 a prime number?
True
Is 442373 prime?
False
Is 78041 composite?
False
Is 7043 a prime number?
True
Is 12097 composite?
False
Is 90673 composite?
True
Is 25111 a composite number?
False
Is 2461663 a composite number?
True
Is 88129 a prime number?
True
Is 1369 prime?
False
Is 26583 a composite number?
True
Is 34811 composite?
True
Is 70051 a composite number?
False
Is 187003 prime?
True
Is 829 composite?
False
Is 14513 composite?
True
Is 81059 a prime number?
False
Is 420055 prime?
False
Is 41491 composite?
False
Is 49409 prime?
True
Is 8581 prime?
True
Is 12147 a composite number?
True
Is 195427 a prime number?
True
Is 18805 a composite number?
True
Is 241797 composite?
True
Is 5633 composite?
True
Is 218863 a composite number?
True
Is 83471 a composite number?
False
Is 92821 prime?
True
Is 87869 a prime number?
True
Is 114421 composite?
True
Is 9253 a prime number?
False
Is 8353 prime?
True
Is 582171 composite?
True
Is 19959 composite?
True
Is 212777 composite?
False
Is 725579 prime?
True
Is 9253 a prime number?
False
Is 169063 a prime number?
True
Is 72613 composite?
False
Is 262253 a composite number?
False
Is 348287 a composite number?
False
Is 11777 a composite number?
False
Is 1329469 a composite number?
True
Is 16217 composite?
False
Is 10453 a prime number?
True
Is 2579 prime?
True
Is 295831 composite?
False
Is 208441 a composite number?
False
Is 56629 a prime number?
True
Is 16519 a composite number?
False
Is 9271 a prime number?
False
Is 97259 a composite number?
False
Is 181871 prime?
True
Is 79087 prime?
True
Is 565991 a prime number?
False
Is 12781 composite?
False
Is 201155 prime?
False
Is 125285 a prime number?
False
Is 293173 a composite number?
False
Is 400559 prime?
True
Is 113557 a composite number?
False
Is 125713 a composite number?
True
Is 30203 composite?
False
Is 1945 composite?
True
Is 859 a prime number?
True
Is 1010461 composite?
False
Is 107889 a composite number?
True
Is 174973 prime?
False
Is 122361 composite?
True
Is 1900183 a composite number?
True
Is 277961 composite?
False
Is 541 a prime number?
True
Is 50077 a prime number?
True
Is 255173 a prime number?
True
Is 615269 a composite number?
False
Is 10294 prime?
False
Is 340759 composite?
True
Is 26801 composite?
False
Is 555251 a prime number?
True
Is 9115 prime?
False
Is 713063 composite?
True
Is 18461 composite?
False
Is 491845 a composite number?
True
Is 30521 a composite number?
True
Is 224277 prime?
False
Is 1315 composite?
True
Is 57089 prime?
True
Is 35297 prime?
False
Is 333581 a prime number?
True
Is 9026 composite?
True
Is 4694903 a prime number?
True
Is 325579 composite?
True
Is 80306 a prime number?
False
Is 18001 prime?
False
Is 37419 a composite number?
True
Is 72847 prime?
False
Is 84023 a prime number?
False
Is 65479 a prime number?
True
Is 521519 prime?
True
Is 15859 a prime number?
True
Is 60493 a composite number?
False
Is 84827 a prime number?
True
Is 666493 a prime number?
True
Is 389 composite?
False
Is 1639 prime?
False
Is 176849 a composite number?
False
Is 2965 composite?
True
Is 13945 a prime number?
False
Is 49817 a prime number?
False
Is 1915055 composite?
True
Is 771 a composite number?
True
Is 463907 a prime number?
True
Is 21929 a prime number?
True
Is 104045 prime?
False
Is 20327 prime?
True
Is 4981 a prime number?
False
Is 21171 a prime number?
False
Is 22343 a prime number?
True
Is 34583 prime?
True
Is 83069 composite?
True
Is 155971 a composite number?
True
Is 3386 a prime number?
False
Is 173429 prime?
True
Is 2335 a composite number?
True
Is 16361 composite?
False
Is 169987 a composite number?
False
Is 9179 prime?
False
Is 287731 a composite number?
False
Is 818485 a composite number?
True
Is 25841 a composite number?
False
Is 86069 a prime number?
True
Is 784835 a composite number?
True
Is 8009 a prime number?
True
Is 246689 a prime number?
True
Is 1469051 composite?
True
Is 33753 prime?
False
Is 2629 composite?
True
Is 16013 composite?
True
Is 80459 prime?
False
Is 5219 prime?
False
Is 4385 a composite number?
True
Is 31361 composite?
True
Is 11682103 composite?
False
Is 11409 prime?
False
Is 11791 composite?
True
Is 93787 a prime number?
True
Is 20489 a prime number?
False
Is 385477 a prime number?
False
Is 508777 prime?
False
Is 40903 composite?
False
Is 5813 a prime number?
True
Is 463969 prime?
False
Is 1781 prime?
False
Is 19577 composite?
False
Is 56299 a composite number?
False
Is 18409 a composite number?
True
Is 433229 prime?
True
Is 96569 a prime number?
False
Is 37291 a prime number?
False
Is 7151 a prime number?
True
Is 7763 composite?
True
Is 164789 prime?
True
Is 11959 a prime number?
True
Is 30193 a prime number?
False
Is 77137 a prime number?
True
Is 123263 composite?
True
Is 322169 a composite number?
False
Is 27127 prime?
True
Is 6469 prime?
True
Is 215799 prime?
False
Is 389357 a composite number?
False
Is 4037 prime?
False
Is 33953 composite?
True
Is 7151 composite?
False
Is 77059 composite?
True
Is 26603 a composite number?
True
Is 179143 a composite number?
False
Is 21058 composite?
True
Is 12469 a composite number?
True
Is 4187 composite?
True
Is 2048833 prime?
True
Is 50177 a composite number?
False
Is 40213 prime?
True
Is 2581 prime?
False
Is 80447 a prime number?
True
Is 131297 prime?
True
Is 1139 composite?
True
Is 1077023 prime?
True
Is 80426 composite?
True
Is 2321 prime?
False
Is 9045169 a composite number?
True
Is 17159 a composite number?
False
Is 244087 a prime number?
True
Is 14857 a prime number?
False
Is 131357 composite?
False
Is 21587 a prime number?
True
Is 48137 a composite number?
True
Is 234967 a prime number?
True
Is 554469 composite?
True
Is 4783 composite?
False
Is 226693 a composite number?
True
Is 91079 a composite number?
False
Is 50291 a composite number?
False
Is 3386 a prime number?
False
Is 2155 a prime number?
False
Is 84047 prime?
True
Is 36997 prime?
True
Is 3593 prime?
True
Is 611189 a composite number?
False
Is 133349 a prime number?
True
Is 1027913 a composite number?
True
Is 12014 a composite number?
True
Is 26665 composite?
True
Is 3943 prime?
True
Is 67927 composite?
False
Is 178085 a composite number?
True
Is 296869 a prime number?
False
Is 1709 prime?
True
Is 138163 prime?
True
Is 7901 prime?
True
Is 209767 a prime number?
True
Is 13963 a prime number?
True
Is 2237 prime?
True
Is 287 a composite number?
True
Is 15659 a prime number?
False
Is 482861 composite?
False
Is 245821 prime?
True
Is 1823 a prime number?
True
Is 21653 a prime number?
False
Is 111077 a composite number?
True
Is 2831165 a composite number?
True
Is 29119 a prime number?
False
Is 6866 a prime number?
False
Is 17517 a composite number?
True
Is 45839 a composite number?
True
Is 303833 prime?
False
Is 1405189 a prime number?
False
Is 1839947 prime?
True
Is 54861 prime?
False
Is 43847 composite?
True
Is 7279 composite?
True
Is 8009 a prime number?
True
Is 25642 prime?
False
Is 522241 composite?
True
Is 686654 a composite number?
True
Is 13397 a composite number?
False
Is 27139 a composite number?
True
Is 73327 composite?
False
Is 38069 a composite number?
False
Is 438223 composite?
False
Is 154769 prime?
True
Is 575797 a composite number?
True
Is 637487 prime?
False
Is 242717 a prime number?
False
Is 120193 a prime number?
True
Is 815 composite?
True
Is 1094 prime?
False
Is 3341 a prime number?
False
Is 132199 prime?
True
Is 8977 prime?
False
Is 10214 prime?
False
Is 7081 prime?
False
Is 915121 composite?
True
Is 185 composite?
True
Is 93581 a prime number?
True
Is 123701 composite?
False
Is 215621 composite?
True
Is 5507 prime?
True
Is 10473 a composite number?
True
Is 322339 composite?
False
Is 240829 prime?
True
Is 9627 prime?
False
Is 215861 composite?
True
Is 58889 composite?
False
Is 345869 a composite number?
False
Is 5590619 composite?
False
Is 928451 composite?
True
Is 220151 prime?
True
Is 23367 prime?
False
Is 8263 a composite number?
False
Is 78459 a composite number?
True
Is 140401 a prime number?
True
Is 12791 a prime number?
True
Is 3433 a composite 